s the remainder when q is divided by m?
24
Let f(u) = -3*u - 18. Let t = 52 + -74. Let r be 3 + (-2 - -3) + t. Calculate the remainder when f(r) is divided by 19.
17
Let f = -196 + 207. Calculate the remainder when 55 is divided by f.
0
Suppose 0*i + 4*i - 2*q + 96 = 0, -5*i - 106 = q. Let u = 23 + i. What is the remainder when 3 is divided by u?
0
Let r = 273 + -208. Calculate the remainder when 190 is divided by r.
60
Let f = -902 - -1546. Calculate the remainder when f is divided by 15.
14
Let f(g) = -g**3 - 6*g**2 + 10*g - 7. Let s(t) = t**2 + 7*t - 6. Let j be s(-7). Let d = j + -2. What is the remainder when f(d) is divided by 11?
8
Let j = 129 - 14. Calculate the remainder when j is divided by 29.
28
Let j = -26 + 40. What is the remainder when 9 - (-1)/(15/255) is divided by j?
12
Let n be (2 - 1) + (1 - -8). Suppose -n*r = -8*r - 16. Suppose 30 = 2*j - 0*j. Calculate the remainder when j is divided by r.
7
Let t(f) be the second derivative of -f**4/12 + 5*f**3/3 - 5*f**2/2 + f. Let m be 43/7 + (-16)/112. What is the remainder when 73 is divided by t(m)?
16
Let b(p) = 45*p - 16. Let q = 10 - -6. Calculate the remainder when b(1) is divided by q.
13
Let r(w) = 2*w**3 - 8*w**2 - 3*w - 3. Let z be r(6). Let y = -41 + z. What is the remainder when y is divided by 21?
19
Suppose -3*o - 4*o = -77. Let s(u) = -u**3 + 2*u**2 + u + 1. Let g be s(2). Suppose -p + o = -g. What is the remainder when 24 is divided by p?
10
Let q be 1 - 5 - 1110/(-5). Suppose 3*x - q = -23. Suppose -5*m - x = -2*t, -3*t + 2*t + 28 = -m. What is the remainder when 48 is divided by t?
23
Let n(j) = j**2 - j + 14. Let z = -2300 - -2335. What is the remainder when z is divided by n(0)?
7
Let g(h) = h**3 - 2*h**2 - 3*h + 10. Let p be g(3). Suppose -p*m + 142 = -48. What is the remainder when 37 is divided by m?
18
Suppose -5*f - 4 - 1 = 0. What is the remainder when 29 is divided by 105/18 + 5 - f/6?
7
Let p = -347 - -433. Calculate the remainder when p is divided by 11.
9
Let q = -1 + 14. Suppose q*f - 220 = 2*f. What is the remainder when 54 is divided by f?
14
Calculate the remainder when 94 is divided by ((-112)/70)/((-3)/(5*12)).
30
What is the remainder when (7 - 4)/((-911)/(-227) + -4) is divided by 12?
11
Suppose 4*r = 4, -13 = -9*w + 6*w + 2*r. Suppose -5*h + 53 = k, w*k + h - 145 = -0*h. What is the remainder when k is divided by 15?
13
Let u = -29 - -59. What is the remainder when 127 is divided by -2 - u*(-12)/8?
41
Suppose -4*m + 23 = -5. What is the remainder when (-9017)/(-426) + (-3)/18 is divided by m?
0
Suppose 0 = -9*h + 5*h + 1284. Calculate the remainder when h is divided by 108.
105
Let d(l) = 16*l - 17. Calculate the remainder when d(4) is divided by 13.
8
Suppose -4*z + 2*z - 48 = 0. Let m be (15/6)/(4/z). Let a = m - -24. What is the remainder when 35 is divided by a?
8
Suppose 0 = -7*m + 4*m + 75. Let d(b) = 3*b + 39. Calculate the remainder when m is divided by d(-10).
7
Suppose -6460 = -4*b + 2*n, 2*n - 6444 = -21*b + 17*b. Calculate the remainder when b is divided by 95.
93
Let c(z) = -2*z + 61. Let r(u) = u - 30. Let y(m) = 6*c(m) + 11*r(m). What is the remainder when 40 is divided by y(14)?
18
Let b = -226 - -251. What is the remainder when b is divided by 7?
4
Calculate the remainder when ((-18)/(-21))/(1/112) is divided by 33.
30
What is the remainder when 427 is divided by ((-2)/(-6))/(((-4)/(-198))/2)?
31
Let q = 5 - 1. Let f = q - -67. What is the remainder when f is divided by 36?
35
Suppose 0*z - b - 26 = -z, 132 = 5*z - 4*b. Let w = 34 - z. Suppose 4*l = 16, r = 5*r + l - 88. What is the remainder when r is divided by w?
3
Suppose 2*o = -4*y + 4 + 16, 0 = -5*y + 20. Let k = 13 - o. Let w = 55 + -35. Calculate the remainder when w is divided by k.
9
Let a(z) = -z**2 - 20*z - 10. What is the remainder when 105 is divided by a(-4)?
51
Suppose -12 = 2*o - 124. Let c be ((-30)/12)/((-6)/12). Suppose -c*n = -n - o. Calculate the remainder when 53 is divided by n.
11
Suppose 2*b - b - 9 = -5*s, 3 = 3*s. Suppose -45 = -b*p - 13. Calculate the remainder when p is divided by 3.
2
Suppose -c + 2*z = -3*c + 212, -2*c + 220 = 4*z. What is the remainder when c is divided by 78/(-15)*(2/3*9 + -11)?
24
Suppose -2 = -y + 7. Suppose 4*r + y = 45. Calculate the remainder when (4316/20)/13 - 3/5 is divided by r.
7
Suppose -2*k + 81 + 9 = 5*j, 0 = -k + 4*j + 58. Let n be (-351)/21 - (-2)/(-7). What is the remainder when k is divided by ((-2)/(-2))/((-1)/n)?
16
Let r = -1059 + 1290. What is the remainder when r is divided by 119?
112
Suppose 7*y - 4*y = 12. What is the remainder when (-2)/9 - (4389/27)/(-7) is divided by y?
3
Let k(l) = -l - 6. Let h be k(-6). Suppose 5*t - 40 = -0*t. Suppose -t = -d - h. Calculate the remainder when d is divided by 3.
2
Let k(b) = 59*b**2 - 28*b + 63. Calculate the remainder when k(2) is divided by 16.
3
Let t(w) = w**2 + 3*w - 5. Let r be t(-4). Let h = 7 - r. Let z(s) = 13*s**3 - s**2 - 12*s + 14. Calculate the remainder when z(1) is divided by h.
6
Let x(y) = 2*y + 9. Let c be x(5). Suppose -s + c = -18. Calculate the remainder when s is divided by 41/3 - (-4)/(-6).
11
Let s be (-2 - 0)*(-20)/5. Let b = s - -6. Calculate the remainder when b is divided by 5.
4
Let n(z) = 2*z**3 - 5*z**2 - 8*z + 37. Calculate the remainder when 329 is divided by n(3).
21
Let r(x) = -x**3 + 6*x**2 - 2*x - 9. Suppose 3*l - 6*l + 12 = 0. What is the remainder when r(l) is divided by 11?
4
Suppose 0*x = -9*x + 333. Calculate the remainder when 183 is divided by x.
35
Let i(y) = y + 3. Let a(n) = -n**3 + 9*n**2 + 11*n - 4. Let q be a(10). What is the remainder when 61 is divided by i(q)?
7
Suppose -3*y = y. Suppose -4*s + 3*u + 5 + 0 = 0, -10 = -4*s - 2*u. Suppose y = -s*v - 3*v + 95. What is the remainder when v is divided by 7?
5
Suppose 6*m + 7 = 7*m + 2*b, b = 2*m - 24. What is the remainder when 2/(-6) - 380/(-6) is divided by m?
8
Let f(g) = 30*g**2 - g. Suppose -4*l + 4*u = -u - 173, 0 = -l - 4*u + 17. Let v = l + -22. Calculate the remainder when f(1) is divided by v.
14
Let m = 32 + 30. Let r(h) = -11*h**2 + 24*h - 5. What is the remainder when m is divided by r(1)?
6
Let o(g) = -7*g + 6*g**2 - 5*g - 4 + 0*g + 10*g - g**3. What is the remainder when 79 is divided by o(4)?
19
Let v(w) = -52*w - 1320. What is the remainder when v(-27) is divided by 51?
33
Suppose -5*l + 9 + 10 = -2*q, 5*q + l + 61 = 0. Let x be 18/(-14) + 20/70. Calculate the remainder when 59 is divided by 4 - (q + 1 + x).
11
Let h be (1011/(-12))/(3/(-12)). Suppose -2*i + 4*x = -7*i + 428, 5*x - h = -4*i. What is the remainder when i is divided by 18?
16
Let n(r) = -r + 33. Let b(w) = 0*w + 2*w - w. Let l(o) = -b(o) + n(o). What is the remainder when 46 is divided by l(10)?
7
What is the remainder when 14*(36/40)/(6/130) is divided by 23?
20
Let f(g) = -g**3 + g**2 - 2*g - 8. Let n be f(0). Let i = n + 18. Let p = 14 - i. What is the remainder when 10 is divided by p?
2
Suppose 0 - 12 = q. Let d = 12 + q. Suppose -22 = -d*l - l. What is the remainder when 64 is divided by l?
20
Suppose 12*k - 3896 + 344 = 0. Calculate the remainder when k is divided by 25.
21
Let u = -22 - -40. Let n(c) = 10*c**2 - 30*c + 10. Let o(f) = -2*f**2 + 6*f - 2. Let l(i) = -2*n(i) - 11*o(i). What is the remainder when u is divided by l(4)?
8
Suppose 0 = -5*a + 3*a + 4. Let k(m) = 0*m**a + 5*m**2 - 4*m**2 - m - 6. What is the remainder when 105 is divided by k(-6)?
33
Let m = -11 - -4. Let h(c) = -c**3 + 11*c**2 - 16*c - 9. Let w be h(9). Let t = m + w. What is the remainder when 3 is divided by t?
1
Let k(a) = 23*a + 33. What is the remainder when 84 is divided by k(0)?
18
Let k = -18 - -58. Calculate the remainder when k is divided by (-4 - -34)/(2 - (2 + -2)).
10
Calculate the remainder when 41 is divided by (3 + 2/(-1))/(18/396).
19
Calculate the remainder when ((-6)/4)/((-90)/69840) is divided by 5.
4
Let q be (-4)/(-18) - 220/99. Let t be (-3 + 1)*5/q. Suppose -t*c + 8*c = 21. Calculate the remainder when 54 is divided by c.
5
Suppose 0 = 5*y - 5*z, 4*y + 0*y + 14 = -3*z. Calculate the remainder when 45 - (0/3 + 2) is divided by (-1 - -14) + 0 + y + 0.
10
What is the remainder when 263 is divided by 5/(-3)*(137 - 167)?
13
Suppose -6 = -2*v, 5*v - 10 = -q + 16. Calculate the rem